 = j + 2*j. Let z be 4/(-5) - (j/5 + 6). What is the highest common divisor of 9 and z?
9
Let p be 0/(-1) - (-35)/1. Suppose -c + 228 = 3*c. Let a = c - 43. Calculate the greatest common divisor of a and p.
7
Let o = 137 + -133. What is the highest common factor of 68 and o?
4
Suppose -4*g + k + 824 = 0, -4*g = -0*g + 3*k - 840. What is the highest common factor of g and 23?
23
Let t be 6 - -1 - (-3 + -2). Let x(r) = -r**3 - 10*r**2 + 22*r - 12. Let i be x(-12). What is the highest common factor of i and t?
12
Let k(d) = -d**3 + 14*d**2 - 8*d - 27. Let t be k(13). Calculate the highest common factor of 266 and t.
38
Suppose -z = -4*w + 996, -2*w - 122 + 630 = 2*z. What is the greatest common divisor of w and 5?
5
Let k(a) = -3*a - 64. Let v be k(-20). Let y be (9/2)/(5 - (-18)/v). What is the highest common factor of y and 99?
9
Let q = 174 - 120. Let m = 0 + 6. Calculate the highest common factor of m and q.
6
Let m(y) = -y**3 - 57*y**2 - 56*y + 44. Let x be m(-56). What is the greatest common divisor of 363 and x?
11
Let x(s) = s**3 + 17*s**2 - 7*s + 7. Let y be x(-17). Let i be 42*-1*(-4)/12. Calculate the greatest common divisor of i and y.
14
Let o = 228 - 160. Suppose p + 2*p + q - 218 = 0, -p + 2*q + o = 0. Calculate the highest common factor of 8 and p.
8
Let p(n) = -n**2 - 4*n + 6. Let i be p(-5). Let h be -3*22/(-6) + (-21)/7. What is the greatest common factor of i and h?
1
Suppose -119 - 126 = 5*j. Let p = 87 + j. What is the highest common divisor of p and 19?
19
Let s(g) = -610*g - 8. Let l be s(-1). Calculate the greatest common divisor of 14 and l.
14
Suppose 2*l - 4*v - 4 = 0, -6 = -5*l + 3*v + 11. Suppose 0*q - 40 = -l*q. What is the greatest common divisor of 5 and q?
5
Let o be 4/((-4)/15)*2/(-1). What is the highest common factor of o and 630?
30
Let a(v) = -2*v**3 - v**2 + 2. Let o(z) = 11*z**3 + 2*z - 1. Let b be o(1). Let x = 10 - b. Let r be a(x). What is the greatest common factor of 14 and r?
14
Let f(v) = 217*v + 8. Let t be f(2). What is the highest common divisor of t and 52?
26
Suppose -92*r + 85*r = -14. What is the greatest common divisor of r and 7?
1
Suppose 140 = 2*m + 46. Let l = m + -36. What is the highest common divisor of l and 88?
11
Let s be (6 + -8)*13*(-3 + -1). What is the greatest common factor of s and 52?
52
Let r = -188 - -190. Calculate the highest common divisor of r and 2.
2
Let k = -213 - -295. What is the highest common divisor of 123 and k?
41
Let x = 6 - -4. Suppose 3*r = 6, 0 = 3*t + r + r - x. Suppose -3*l + t*l = -14. What is the highest common factor of l and 21?
7
Suppose -30*k + 69*k = 12090. What is the greatest common divisor of 30 and k?
10
Let o be (-2)/(70/36 + -2). Suppose 17 = -28*i + 129. Calculate the greatest common factor of i and o.
4
Let t be (-1)/(-2) - 299/(-26). Let n be (1 + 89)/((-9)/(-6)). Calculate the highest common factor of n and t.
12
Suppose r = 4*z + 45, -2*z - 78 - 30 = -2*r. Suppose 4*t = 5*i + r, 5*t = -i - i + 96. What is the highest common divisor of 27 and t?
9
Let z = 21 - -629. Calculate the greatest common factor of z and 50.
50
Let b = 86 + -97. Let q(a) = a**3 + 9*a**2 - 26*a - 4. Let k be q(b). Let n(u) = 9*u + 8. Let x be n(8). What is the highest common divisor of x and k?
40
Let q = -36 + 22. Let s = q + -8. Let f = 39 + s. What is the highest common factor of f and 17?
17
Let y = -14 - -23. Let t(o) = 9*o**2 + 7*o + 3. Let d(i) = -i**2 - 4*i + 9. Let g be d(-6). Let z be t(g). Calculate the greatest common divisor of z and y.
9
Let d be ((2 + -1 - -4) + -6)*-551. Calculate the greatest common divisor of d and 19.
19
Let f be 2/(-4)*(-555 + -7). Suppose -4*h + 57 = f. Let c = h + 80. Calculate the greatest common divisor of 48 and c.
24
Let n be (2/6)/(7/21). Suppose 2*g + n = 9. Let b be (-670)/(-15) - g/6. Calculate the greatest common divisor of b and 11.
11
Let g(n) = -8*n - 35. Let w be g(-7). Suppose 4*b = -2*o + 8, -3*b - 39 - w = -4*o. What is the greatest common factor of o and 24?
12
Let o be (180/50)/((-6)/(-135)). What is the greatest common divisor of 54 and o?
27
Suppose 25 = 2*n - s - 43, -2*n = s - 76. Let i be (13/3 - 1)*n/10. What is the greatest common divisor of i and 18?
6
Suppose 3*c - 8 - 46 = 0. Let s be (c/3)/((-3)/(-4)). Suppose 2*x = 4*x - 8. Calculate the greatest common factor of s and x.
4
Let n = 624 - 323. Calculate the highest common divisor of 43 and n.
43
Let k be 774/(-27) + (-4)/3. Let w = -34 - k. Let a be 1/(((-16)/92)/w). Calculate the highest common divisor of 207 and a.
23
Let i be 12/(-96) + 99/24. Calculate the greatest common divisor of 56 and i.
4
Suppose 0 = -3*b - 2*b + 30. Suppose 5*m = 2*r + m + 8, 3*r - 12 = -2*m. Suppose t - r = b. What is the greatest common factor of t and 32?
8
Suppose i = -2*l + 5*i - 410, -4*i = 5*l + 1025. Let c = l - -322. Calculate the greatest common divisor of c and 13.
13
Suppose 0 = -5*y + 16*y - 44. Suppose 3*r + 1379 = y*k, 951 + 82 = 3*k - 2*r. Let z = 40 + -9. Calculate the highest common divisor of z and k.
31
Suppose -4*x + 2 + 6 = 0, h + 3*x = 18. Suppose i = -2*i + h. Suppose -i*j - 2*v - 4 = -26, -2 = 2*v. Calculate the greatest common divisor of 12 and j.
6
Let f(t) = 174*t + 1262. Let w be f(-7). Calculate the greatest common divisor of 836 and w.
44
Let i(m) = m**3 - 3*m**2 - 16*m + 14. Let f be i(-3). Suppose 4*a = 5*a + 4*p - 140, -6 = -2*p. Calculate the highest common factor of f and a.
8
Suppose 5*z - 1818 = -3*a, 3030 = 5*a + z + z. Calculate the greatest common divisor of a and 12.
6
Suppose -5*k + 62 - 212 = 0. Let l = k + 93. Let n be -7*(-5 - (-208)/56). Calculate the highest common factor of n and l.
9
Let s be (75/9)/(2/42). Suppose -2*g + 188 + 112 = 0. Suppose -2*j + 8*j = g. What is the greatest common factor of s and j?
25
Suppose 9*r - 4*r + 4*q - 93 = 0, 3*q = -2*r + 33. Let z be -1 - (-11 + (-3)/3). Let c = z - 8. Calculate the greatest common divisor of r and c.
3
Let w(y) = 17*y**2. Let g be w(1). Let a be 1364/10 - 3*(-10)/(-75). What is the highest common factor of a and g?
17
Let h(m) = -m + 1. Let i be h(-2). Suppose -v = 1, -v = i*o - 6*v - 161. Let z be 155/12 - -1*1/12. Calculate the highest common divisor of z and o.
13
Let i be 576/252 + (-4)/14. What is the greatest common factor of i and 54?
2
Let h be (3 - -2) + 75/5 + -7. Calculate the greatest common factor of h and 2327.
13
Suppose -2*q + 3*q - 18 = 0. Suppose -14 - q = -2*z. Calculate the highest common divisor of 16 and z.
16
Suppose d - 146 - 74 = 0. Suppose -4*t + 100 = 4*u, 5*t - 6*t + 5 = 0. What is the highest common divisor of d and u?
20
Suppose -18*a = -22533 + 2949. What is the highest common divisor of 64 and a?
64
Let a = -1006 - -1118. What is the highest common factor of a and 196?
28
Let o = -132 - -140. What is the highest common divisor of o and 24?
8
Let k(z) = -4*z + 0*z - 9 + z - 3*z. Let j be k(-13). Suppose 5*y = -0*c + 5*c - 135, -2*c = y - j. Calculate the greatest common factor of c and 80.
16
Suppose 5*j + 45360 = 53*j. What is the greatest common divisor of j and 21?
21
Suppose 11 = 5*u + 6. Suppose -5*g = 39 - 44. What is the greatest common divisor of u and g?
1
Suppose 3*r + a - 1582 = 0, -5*r - 12*a + 17*a + 2630 = 0. What is the greatest common divisor of 31 and r?
31
Let z be 0 + 62 - (-1 - -4). Let c = 140 + z. Suppose 2*s - 3*k - c = 0, s = 3*k - 0*k + 104. What is the greatest common factor of s and 19?
19
Suppose -4*w - 3 - 126 = -5*x, -5*x = 2*w - 123. Let s = 40 - x. Let c = s - 10. Calculate the highest common factor of c and 1.
1
Let i = -348 - -359. What is the greatest common divisor of 55 and i?
11
Let j = -73 + 265. What is the highest common divisor of j and 288?
96
Suppose 7*l + 9 = 4*l. Let n be (14/l)/(26/(-117)). Suppose p - 33 = -n. Calculate the highest common factor of 108 and p.
12
Let d = -1 - -5. Suppose 46*g - 25 - 159 = 0. Calculate the highest common divisor of d and g.
4
Suppose 0 = 3*d + 2*d - 405. Suppose 0 = -y + 63 + d. Let z be ((-40)/25)/(3/(-30)). What is the highest common factor of y and z?
16
Suppose -3*u = 3*u - 18. Suppose -5*r + 527 = -3*r + 5*p, u*p - 1061 = -4*r. Calculate the greatest common divisor of 14 and r.
14
Let t(l) = -9*l - 6. Let d be t(9). Let x = d + 124. Suppose 64 - 2099